u) = -7*u**3 + 7*u**2 + 9*u - 6. Let i(f) = 11*f**3 - 10*f**2 - 13*f + 9. Let n(r) = -8*c(r) - 5*i(r). Let t = -4 + 11. List the prime factors of n(t).
3
Suppose -4*l = -3*k - 44, -5*l + k + 0*k + 44 = 0. Suppose l = 3*c + c. Suppose 27 = c*b + 9. List the prime factors of b.
3
Let n(m) = -17*m + 6. Let u(z) = -8*z + 3. Let v(c) = 6*n(c) - 13*u(c). Suppose -2*w + 5 = -5. What are the prime factors of v(w)?
7
Let g(u) = 39*u - 36. Let a(b) = 8*b - 7. Let y(f) = -21*a(f) + 4*g(f). Let d(t) = 49*t - 13. Let i(r) = 2*d(r) + 9*y(r). What are the prime factors of i(-1)?
11
Let o(m) = -4*m + 43. List the prime factors of o(-18).
5, 23
Suppose -5*m + 108 = m. What are the prime factors of m?
2, 3
What are the prime factors of (-57)/(-4) - 15/60?
2, 7
What are the prime factors of 43/2*(-3 + 5)?
43
Let g(o) = -o**3 - 2*o - 2. Let j be g(-2). What are the prime factors of j*3*20/24?
5
Let v be -20*(1/1)/(-2). Suppose 0 = -5*c + 3*c + v. Let p = 8 + c. List the prime factors of p.
13
Suppose 3*b + 9 - 31 = -4*a, 0 = a - 2*b. What are the prime factors of ((-2)/a)/(1/(-4))?
2
Let n(s) = -4*s. Let u(v) = -v + 1. Let l(h) = -n(h) + 2*u(h). What are the prime factors of l(3)?
2
Let v(f) = -f + 4. Let z be 2/6*(0 - 0). Let p be v(z). List the prime factors of (-56)/(-6) + p/(-12).
3
Suppose -2*w - 18 = -l - 68, -w + 19 = l. Suppose 3*j - u = 17, -5*u + w = j - u. Let s = j - 3. What are the prime factors of s?
2
Let j(q) = -q**2 - 14*q + 11. What are the prime factors of j(-10)?
3, 17
Let l = 5 + 44. Suppose -4*y + l = 4*q - 15, -4*y - 3*q + 64 = 0. List the prime factors of y.
2
Let m(n) = n**2 - 12*n + 5. What are the prime factors of m(15)?
2, 5
Let r(n) = n**3 + 6*n**2 - 2*n + 1. Let t be (8/6)/((-6)/27). List the prime factors of r(t).
13
Suppose 6*u = 5*u - 6. Let y(k) = -2*k - 1. Let v be y(u). Let h = -7 + v. List the prime factors of h.
2
Let j = 3 - -6. List the prime factors of (-182)/(-9) - 2/j.
2, 5
Let s(q) = -7*q. Let g be s(1). Suppose 5*a + 29 + 36 = 0. Let u = g - a. List the prime factors of u.
2, 3
Let v(o) = -10 - 6*o**2 + 15*o + 10*o**2 - 5*o**2. List the prime factors of v(12).
2, 13
Suppose 4 = -5*i - 11. Let w = -1 - i. List the prime factors of w.
2
Suppose -5*n = -20, 4*w - 5*n + 2*n - 16 = 0. Suppose w*a = 4*a + 9. Suppose 0 = -3*l + 5*b + 27, 2*l - 18 = -6*b + a*b. What are the prime factors of l?
3
Let h(t) = t - 5 - 5*t + 2*t**2 + t**3 - 4*t**2 + 0*t**3. Let a be h(4). Suppose 0 = 5*w - 25, 2*r - a = -0*r + 3*w. List the prime factors of r.
13
Suppose 4*n - 44 = -0*n. Let v = n - 1. What are the prime factors of v?
2, 5
Suppose 11*u = 8*u + 402. What are the prime factors of u?
2, 67
Let n = 32 - 80. Let f = 6 - n. What are the prime factors of (2/(-3))/((-3)/f)?
2, 3
Suppose -t + 3*t + 1105 = 5*w, 4*w = -5*t + 917. List the prime factors of w.
223
Let q be (-4)/12 - 16/(-3). Suppose 5*y + 3*j - 20 = 2*j, -q*y = 5*j - 40. Suppose -2*h = -y*h + 14. List the prime factors of h.
2, 7
Let z be (4/(-5))/((-2)/(-5)). Let n(o) = o**2 - 2*o - 1. Let f(l) = -l. Let h(g) = z*f(g) + n(g). List the prime factors of h(2).
3
Let a(d) = 8*d**2 + 2*d - 4. Let z = -13 - -15. List the prime factors of a(z).
2
Let k be (1*6)/2 + 1. Suppose -7*w = -60 + 4. Let n = w - k. List the prime factors of n.
2
Suppose 2*x - 2*k + 20 = 0, 3*k + 3 = -x - 3. Let m be x/(-6)*-14 + 2. Let p = m + 29. List the prime factors of p.
2, 5
Suppose -2*p + 5*g + 126 = 0, 3*g + 138 + 128 = 4*p. What are the prime factors of p?
2, 17
Suppose 4*y = m - 25, -5*m + 5*y = -m - 67. Let h = m - -26. What are the prime factors of h?
3, 13
What are the prime factors of 1854/15 + (0 - 4/(-10))?
2, 31
Suppose -5*s + 5*h - 36 = -1, -h = -3*s - 21. Let k be 8 + 1 + -2 + 2. Let i = k + s. List the prime factors of i.
2
Let f = 41 + 46. What are the prime factors of f?
3, 29
Let m be (0 - -1) + (-5 - -9). Suppose y = h - 2*y - 45, -m*h - 5*y + 125 = 0. Suppose 5*a - 5*r - h = 0, 4*r = -0*a - 3*a - 3. List the prime factors of a.
3
Suppose 0*g + 30 = -2*g. List the prime factors of (-84)/(-5) - 3/g.
17
Let n(v) = v**2 + 14*v + 10. Let w be n(-15). Let b = w - 17. What are the prime factors of b?
2
Suppose 154 = f - 102. What are the prime factors of f?
2
Suppose -425 = -4*i - i. What are the prime factors of i?
5, 17
Suppose 0 = -4*m - 5*r + 7, 2*r = 5*m - m - 14. Suppose 0*x + 3*y + 18 = m*x, -18 = -5*x - y. What are the prime factors of (-24)/15*(-10)/x?
2
Let t(w) = -w**3 + 5*w**2 - w - 7. What are the prime factors of t(3)?
2
Suppose 30 - 160 = -4*j + 2*s, -3 = 3*s. List the prime factors of j.
2
Suppose 0 = 3*q - 0 - 33. What are the prime factors of q?
11
List the prime factors of 193/6 + 1/(-6).
2
Let m = 25 - 13. List the prime factors of m.
2, 3
Let u = 460 - 195. What are the prime factors of u?
5, 53
Let b be 1*(0 + -5 + 2). Let m = b - -8. Suppose 88 + 12 = m*l. List the prime factors of l.
2, 5
Let d be 1 - (2 + 0) - -15. Let a be (-16)/64 - (-186)/8. Let p = a - d. List the prime factors of p.
3
Let n be (-1*9/(-1))/1. Suppose a = -x + n, x = a - 0 - 1. What are the prime factors of a?
5
Let a be (0 - 20)/(-1) + 1. Let v = -10 + a. What are the prime factors of v?
11
Suppose -p + 0*p + 3 = 0. Suppose -p*s + 2 = 4*o, -2*s + s = 2*o + 2. Let n(h) = -h**3 + 7*h**2 - 6*h + 9. What are the prime factors of n(s)?
3
Let w = -46 - -66. Suppose -11*l = -14*l + 57. Suppose -l = n - 6*n - o, -w = -5*o. List the prime factors of n.
3
Let o(v) = 10*v**2 - v - 1. Let t be o(-2). Suppose 0 = k - t - 3. What are the prime factors of k?
2, 11
Let m be ((-102)/3)/(-2) - -1. Suppose 0 = -2*z + 5*t + m, -4*z + t = -3*t - 48. List the prime factors of z.
2, 7
Suppose -c + m + 57 = 0, 0*m - 10 = -2*m. What are the prime factors of c?
2, 31
Let s(m) = -3*m**3 + 5*m + 4. Let i be s(-3). Suppose 16 = 2*k - i. List the prime factors of k.
43
Let l be (15/2)/((-7)/(-14)). What are the prime factors of ((-18)/l)/((-6)/40)?
2
What are the prime factors of (-179)/(-2) - (15/(-6))/(-5)?
89
Let c = 2 + 1. Let y(m) = 3*m + 1. List the prime factors of y(c).
2, 5
Let z(j) = -j + 5. Let h be z(8). List the prime factors of h/(-15) + (-138)/(-10).
2, 7
Let x(n) = -n**2 - 10*n - 8. Let c be x(-8). Let z = 15 + c. What are the prime factors of z?
23
Let p = 46 - -144. Suppose 0 = -6*u + u + p. Suppose 3*s + v = u, 4*s + 0*s - 4*v = 24. List the prime factors of s.
11
Let x(z) = -z + 43. What are the prime factors of x(0)?
43
Let w(h) = 2*h**2 + 7 - 3*h - 1 - 3*h. Let k be 8/(-6) + (-16)/(-3). List the prime factors of w(k).
2, 7
Let d(n) = -n + 15. What are the prime factors of d(-10)?
5
Let h = -248 - -347. What are the prime factors of h?
3, 11
Suppose -3*w - 2*w - 2*d + 123 = 0, 3*w = -d + 74. What are the prime factors of w?
5
Let g = 6 + 9. List the prime factors of g.
3, 5
Suppose m - 3*m = -2*c - 134, c + 195 = 3*m. What are the prime factors of m?
2
Suppose 4*v + b - 115 = 2*b, -b - 3 = 0. Suppose -5*z + 4 = -m - 8, -4*m + v = -z. Suppose 2*l = m + 14. List the prime factors of l.
11
Suppose -341 + 6 = -5*p. What are the prime factors of p?
67
Let j = -13 + 37. What are the prime factors of j?
2, 3
Suppose -b - 10 = -g + 2*b, 66 = 3*g + 3*b. Suppose s - 9 = g. List the prime factors of s.
2, 7
Let u(i) be the third derivative of i**6/120 - 7*i**5/60 + i**4/24 - 5*i**3/6 - 4*i**2. What are the prime factors of u(7)?
2
Suppose 10 = 2*i + 26. Let p(k) = k**2 + 7*k - 4. What are the prime factors of p(i)?
2
Let g(m) = -14*m**2 - 1. Let b be g(-1). List the prime factors of ((-6)/b)/((-3)/(-45)).
2, 3
Suppose 2*k + 6 = -8. Let a(d) = d**2 + 8*d + 9. Let j be a(k). Suppose 0 = j*c + c - 36. List the prime factors of c.
2, 3
Let m = -5 + 5. Let p(g) = g**2 - 3*g + 2. Let q be p(3). Suppose m = q*o + 3*o - 25. What are the prime factors of o?
5
Let p(w) = 10*w**3 - 2*w - 1 + 0 + 2. List the prime factors of p(1).
3
Suppose 6*l = 3*l + 9. Suppose -l = -3*b + 48. What are the prime factors of b?
17
Let u(t) = t**3 + t**2 - 3*t + 2. Let j(l) = l**2 - 3*l + 2. Let w be j(3). Let k be u(w). Suppose p - 3*p = -k. List the prime factors of p.
2
Let s(t) = 6*t**3 - 2*t**2 + t. Let a be s(1). Let w = a - -21. List the prime factors of w.
2, 13
Let n be 7 + (-3 - -1) + 0. Let f be (-17)/(-5) - 2/n. List the prime f